{"id":419,"date":"2017-06-24T15:09:22","date_gmt":"2017-06-24T15:09:22","guid":{"rendered":"http:\/\/kozlowo-sorkwity.pl\/?page_id=419"},"modified":"2019-04-09T19:58:12","modified_gmt":"2019-04-09T19:58:12","slug":"kgw","status":"publish","type":"page","link":"https:\/\/kozlowo-sorkwity.pl\/?page_id=419","title":{"rendered":"KGW"},"content":{"rendered":"<p><span style=\"color: #000080;\"><em>Ko\u0142o Gospody\u0144 Wiejskich w Koz\u0142owie, gmina Sorkwity. &nbsp;&nbsp;<\/em><\/span>&nbsp;&nbsp;&nbsp;&nbsp;&nbsp;&nbsp;&nbsp;&nbsp;&nbsp;&nbsp;&nbsp;&nbsp;&nbsp;&nbsp;&nbsp;&nbsp;&nbsp;&nbsp;&nbsp;&nbsp;&nbsp;&nbsp;&nbsp;&nbsp;&nbsp;&nbsp;&nbsp;&nbsp;&nbsp;&nbsp;&nbsp;&nbsp;&nbsp;<\/p>\n\n\n<figure class=\"wp-block-image\"><img loading=\"lazy\" decoding=\"async\" width=\"300\" height=\"300\" src=\"http:\/\/kozlowo-sorkwity.pl\/wp-content\/uploads\/2019\/03\/logo-300x300.jpg\" alt=\"\" class=\"wp-image-596\" srcset=\"https:\/\/kozlowo-sorkwity.pl\/wp-content\/uploads\/2019\/03\/logo-300x300.jpg 300w, https:\/\/kozlowo-sorkwity.pl\/wp-content\/uploads\/2019\/03\/logo-150x150.jpg 150w, https:\/\/kozlowo-sorkwity.pl\/wp-content\/uploads\/2019\/03\/logo-768x768.jpg 768w, https:\/\/kozlowo-sorkwity.pl\/wp-content\/uploads\/2019\/03\/logo-1024x1024.jpg 1024w, https:\/\/kozlowo-sorkwity.pl\/wp-content\/uploads\/2019\/03\/logo-100x100.jpg 100w\" sizes=\"(max-width: 300px) 100vw, 300px\" \/><figcaption> <strong>09.04.2019<\/strong><br> Pi\u0119kne r\u0119kodzie\u0142o artystyczne Ko\u0142a Gospody\u0144 Wiejskich w Koz\u0142owie \u2013 kolorowe Palemki z naturalnych, \u015bwie\u017cych ga\u0142\u0105zek barwinka, i tui zdobione kwiatkami z krepiny a tak\u017ce oryginalne pisanki oklejane wst\u0105\u017ckami, przyby\u0142y w\u0142a\u015bnie do centrum Wiednia\u00a0 i wspaniale prezentuj\u0105 si\u0119 na corocznym bazarze Wielkanocnym z najwi\u0119ksz\u0105 ilo\u015bci\u0105 pisanek na \u015bwiecie! Jeste\u015bmy dumni, \u017ce mo\u017cemy zaprezentowa\u0107 \u00a0w sercu Europy palemki i pisanki z Koz\u0142owa! <\/figcaption><\/figure>\n\n\n\n<figure class=\"wp-block-image\"><img loading=\"lazy\" decoding=\"async\" width=\"1024\" height=\"768\" src=\"http:\/\/kozlowo-sorkwity.pl\/wp-content\/uploads\/2019\/04\/IMG_20190409_150608-1024x768.jpg\" alt=\"\" class=\"wp-image-607\" srcset=\"https:\/\/kozlowo-sorkwity.pl\/wp-content\/uploads\/2019\/04\/IMG_20190409_150608-1024x768.jpg 1024w, https:\/\/kozlowo-sorkwity.pl\/wp-content\/uploads\/2019\/04\/IMG_20190409_150608-300x225.jpg 300w, https:\/\/kozlowo-sorkwity.pl\/wp-content\/uploads\/2019\/04\/IMG_20190409_150608-768x576.jpg 768w\" sizes=\"(max-width: 706px) 89vw, (max-width: 767px) 82vw, 740px\" \/><\/figure>\n\n\n\n<figure class=\"wp-block-image\"><img loading=\"lazy\" decoding=\"async\" width=\"3840\" height=\"2927\" src=\"http:\/\/kozlowo-sorkwity.pl\/wp-content\/uploads\/2019\/04\/1-1024x781.jpg\" alt=\"\" class=\"wp-image-612\" srcset=\"https:\/\/kozlowo-sorkwity.pl\/wp-content\/uploads\/2019\/04\/1-1024x781.jpg 1024w, https:\/\/kozlowo-sorkwity.pl\/wp-content\/uploads\/2019\/04\/1-300x229.jpg 300w, https:\/\/kozlowo-sorkwity.pl\/wp-content\/uploads\/2019\/04\/1-768x585.jpg 768w\" sizes=\"(max-width: 706px) 89vw, (max-width: 767px) 82vw, 740px\" \/><\/figure>\n\n\n\n<figure class=\"wp-block-image\"><img loading=\"lazy\" decoding=\"async\" width=\"768\" height=\"1024\" src=\"http:\/\/kozlowo-sorkwity.pl\/wp-content\/uploads\/2019\/04\/IMG_20190409_152659-768x1024.jpg\" alt=\"\" class=\"wp-image-610\" srcset=\"https:\/\/kozlowo-sorkwity.pl\/wp-content\/uploads\/2019\/04\/IMG_20190409_152659-768x1024.jpg 768w, https:\/\/kozlowo-sorkwity.pl\/wp-content\/uploads\/2019\/04\/IMG_20190409_152659-225x300.jpg 225w\" sizes=\"(max-width: 706px) 89vw, (max-width: 767px) 82vw, 740px\" \/><\/figure>\n","protected":false},"excerpt":{"rendered":"<p>Ko\u0142o Gospody\u0144 Wiejskich w Koz\u0142owie, gmina Sorkwity. &nbsp;&nbsp;&nbsp;&nbsp;&nbsp;&nbsp;&nbsp;&nbsp;&nbsp;&nbsp;&nbsp;&nbsp;&nbsp;&nbsp;&nbsp;&nbsp;&nbsp;&nbsp;&nbsp;&nbsp;&nbsp;&nbsp;&nbsp;&nbsp;&nbsp;&nbsp;&nbsp;&nbsp;&nbsp;&nbsp;&nbsp;&nbsp;&nbsp;&nbsp;&nbsp;<\/p>\n","protected":false},"author":1,"featured_media":0,"parent":0,"menu_order":1,"comment_status":"closed","ping_status":"closed","template":"","meta":{"footnotes":""},"class_list":["post-419","page","type-page","status-publish","hentry"],"_links":{"self":[{"href":"https:\/\/kozlowo-sorkwity.pl\/index.php?rest_route=\/wp\/v2\/pages\/419"}],"collection":[{"href":"https:\/\/kozlowo-sorkwity.pl\/index.php?rest_route=\/wp\/v2\/pages"}],"about":[{"href":"https:\/\/kozlowo-sorkwity.pl\/index.php?rest_route=\/wp\/v2\/types\/page"}],"author":[{"embeddable":true,"href":"https:\/\/kozlowo-sorkwity.pl\/index.php?rest_route=\/wp\/v2\/users\/1"}],"replies":[{"embeddable":true,"href":"https:\/\/kozlowo-sorkwity.pl\/index.php?rest_route=%2Fwp%2Fv2%2Fcomments&post=419"}],"version-history":[{"count":24,"href":"https:\/\/kozlowo-sorkwity.pl\/index.php?rest_route=\/wp\/v2\/pages\/419\/revisions"}],"predecessor-version":[{"id":617,"href":"https:\/\/kozlowo-sorkwity.pl\/index.php?rest_route=\/wp\/v2\/pages\/419\/revisions\/617"}],"wp:attachment":[{"href":"https:\/\/kozlowo-sorkwity.pl\/index.php?rest_route=%2Fwp%2Fv2%2Fmedia&parent=419"}],"curies":[{"name":"wp","href":"https:\/\/api.w.org\/{rel}","templated":true}]}}